6
Let z = -23 + 28. Suppose -t = -z*r - 34, 4*t + r - 46 = 27. What is the remainder when 36 is divided by t?
17
Let c = 0 - -10. Suppose 0 = -8*i + c*i - 296. What is the remainder when i is divided by 30?
28
Let u(h) = h + 5. Let l be u(-4). Calculate the remainder when -1 + 0 + (l - -38) is divided by (-2 - -1) + -3 + 24.
18
Let r(f) = 5*f**2 - 2*f - 2. Let l = 83 + -47. What is the remainder when r(4) is divided by l?
34
Let t(g) = -20*g**3 + 4*g**2 + 4*g - 1. Calculate the remainder when t(-2) is divided by 35.
27
Let q be (-10 - -7)*11/(-3). Let y(d) = d**2 - 6*d - 20. Calculate the remainder when y(q) is divided by 19.
16
Suppose 33*v - 7161 = 12*v. What is the remainder when v is divided by 57?
56
Let y = 23 - 19. Suppose -4*w + y = -2*x - 2, -9 = -x - 2*w. Calculate the remainder when 29 is divided by x.
2
Let x = -119 - -123. Suppose -4*d - 291 = -3*j - d, 0 = j - x*d - 94. What is the remainder when j is divided by 51?
47
Suppose 5*n = 62 + 28. Let o = 46 + n. Calculate the remainder when o is divided by 33.
31
Let j be 15*-3*3/(-15). Suppose n = -z + 1, n = -2*n - z + j. Calculate the remainder when (-4 + 2)*(-94)/n is divided by 12.
11
Suppose -3*a - 4*d = -9*d + 5, 5*d - 5 = -2*a. Suppose a = -2*w + 29 + 19. What is the remainder when 66 is divided by w?
18
Suppose 4*u - 2*s - 88 = u, -s = 2*u - 47. Calculate the remainder when 388 is divided by u.
24
Suppose a = -2*p + 97, -25 + 266 = 5*p + 3*a. What is the remainder when p is divided by 14?
8
Let j = 148 - -73. What is the remainder when j is divided by 14?
11
Suppose 4*a - 5*t - 68 = 0, 0 = -3*a - 0*a - t + 32. What is the remainder when 23 is divided by ((-18)/a*6)/(-3 - -2)?
5
Suppose -5*q + 2 = -3*q, -b - 1 = -4*q. Let u(t) = 8*t - 8. What is the remainder when 63 is divided by u(b)?
15
Let o = 85 + -145. Let d = o + 78. Calculate the remainder when 124 is divided by d.
16
Suppose 0 = 4*t - 422 - 22. Suppose 5*h + 16 = t. What is the remainder when 34 is divided by h?
15
Let a(w) = -w**2 - 15*w - 29. Calculate the remainder when 24 is divided by a(-12).
3
Let m = -21 + 37. Let c(d) be the second derivative of d**4 + d**3/6 - d**2/2 + 8*d. What is the remainder when c(-2) is divided by m?
13
Let d = 420 - 383. Calculate the remainder when d is divided by (-4)/(-5)*(-2 + 12).
5
Let i = 16 + 180. Suppose i = 5*w - w. What is the remainder when w is divided by 26?
23
Let y(u) = 6*u + 1. Let t = -16 + 40. Suppose 0*m = -3*m + t. Calculate the remainder when y(2) is divided by m.
5
Let p(q) = -q**3 + 7*q**2 + 4*q + 10. Let n be p(7). Let t = -55 - -31. Let w = n + t. Calculate the remainder when 40 is divided by w.
12
Suppose 0 = g + 5 - 2. What is the remainder when ((-410)/(-25))/((-2)/30*g) is divided by 12?
10
Suppose -k - 21 = -81. What is the remainder when k is divided by 24?
12
Let f = 10 + -7. Suppose f*b - 65 = -2*b. Let i = 27 - b. Calculate the remainder when 55 is divided by i.
13
Let o be (-5)/(5/(-2))*1. Suppose o*w - 4*s - 82 = 0, -4*w = 3*s - 114 - 17. Suppose -2*q - 5 = -w. What is the remainder when 72 is divided by q?
12
Suppose -107 = -h + 2*p, 6*h - 595 = h - 2*p. Calculate the remainder when 335 is divided by h.
101
Suppose -229*w - 477 = -238*w. Calculate the remainder when 153 is divided by w.
47
Suppose 0 = o - 2*i - 156, 30*o = 26*o - 5*i + 676. Calculate the remainder when o is divided by 30.
14
Suppose 0 = 4*p + 104 + 56. Let b = p + 70. Suppose -12*d + 10*d = -16. Calculate the remainder when b is divided by d.
6
Let h = 11 + -8. Suppose -2*w - h*m + 54 = 0, 2*w + 5*m - 46 = 12. Let j = w + -15. What is the remainder when 16 is divided by j?
7
Suppose -2*n + 7*n - 5*s - 160 = 0, -4*n + 2*s + 134 = 0. Calculate the remainder when 345 is divided by n.
30
Suppose 15 = -4*u + 95. Let c = u + -25. Calculate the remainder when (-2)/5 - 177/c is divided by 18.
17
Suppose 353 = 15*w - 1372. Calculate the remainder when w is divided by 30.
25
Suppose 24*g + 987 = 3*f + 29*g, 0 = 3*f - 4*g - 987. What is the remainder when f is divided by 22?
21
Suppose 5*r = r + 204. Let s = r + -23. Let i(z) = -5*z**3 + 2*z**2 + 2*z + 1. What is the remainder when s is divided by i(-1)?
4
Let j = -17 + 21. Let g(a) = a**3 + 8*a**2 - 2*a - 3. Let t be g(-8). Suppose j*q - 3*q + 5*p = -23, -t = q + 3*p. What is the remainder when 5 is divided by q?
1
Let l(v) = 12*v**2 - 2. Let b = 26 - 24. What is the remainder when l(b) is divided by 24?
22
Let s = -1367 - -2623. What is the remainder when s is divided by 28?
24
Suppose -140 = 3*n - 7*n - 4*p, -15 = -n - 5*p. What is the remainder when 425 is divided by n?
25
Let h = 15 + 3. What is the remainder when 190 is divided by h?
10
Let a(v) = v**2 - 15*v - 53. Calculate the remainder when 700 is divided by a(22).
94
Let c be (-147)/(-18) + 2/(-12). What is the remainder when 0 + 53 + -6 + c is divided by (-1)/((-4)/(4*14))?
13
Suppose 75*y = 56*y + 1102. What is the remainder when y is divided by 7?
2
Let g = 35 + 20. Suppose -3*z + g = 2*i + 19, -82 = -5*z + 4*i. Suppose 2*r - 5*a = 81, r + 0*a - 4*a - 33 = 0. What is the remainder when r is divided by z?
11
Suppose -8*r + 108 = -4*r. Suppose -2*l = l - r. What is the remainder when 34/(2 - (1 + 0)) is divided by l?
7
Let y(u) = 8 - 14 + 3*u**2 - 5*u**2 + 10*u. Let a be y(4). Suppose 2*t + a*t - 64 = 0. What is the remainder when 61 is divided by t?
13
Let h be (-2)/(-4)*-2*-5. Suppose -h*y - 4 = -14. What is the remainder when y is divided by 2?
0
Suppose 3*p - l = -2*p - 10, 0 = 3*p + l - 2. Let t(n) = 881*n + n**2 - 8*n**3 - 881*n. What is the remainder when 35 is divided by t(p)?
8
Suppose 7 = 3*g - 5. Suppose -g*n = -2*m, -5*m - n + 12 = -5*n. Suppose -18 = b - 3*b - 2*v, 2*b - m*v = 42. Calculate the remainder when 24 is divided by b.
11
Let x = -705 - -763. What is the remainder when 109 is divided by x?
51
Let n(m) = -m**3 + 6*m**2 - 4*m - 7. Let z = -10 - -16. Let q be n(z). Let b = -14 - q. What is the remainder when b is divided by 9?
8
Let q = 43 + -41. Suppose 22*y = 21*y + q. What is the remainder when y is divided by 1?
0
Let c(s) = -3*s**2 + 89*s - 21. Calculate the remainder when (-2)/12 + 1322/12 is divided by c(29).
36
Suppose -5*x - 13 = -8. What is the remainder when 33 is divided by (-146)/(-12) + x/6?
9
Let d = 430 - 398. Calculate the remainder when 191 is divided by d.
31
Suppose -2*m = -7*m - 60. Suppose -5*p - l + 0*l - 13 = 0, -l = -2. Calculate the remainder when (-153)/p*(-8)/m is divided by 12.
10
Suppose 5*s - 412 = 3*s. What is the remainder when 3/(-5) - s/(-10) is divided by 6?
2
Let l be (-9 + 1)/((-6)/(-9)). Let a(v) = 13*v + 59. Let y(j) = 3*j + 15. Let n(d) = -2*a(d) + 9*y(d). What is the remainder when 7 is divided by n(l)?
2
Let w(x) = -x + 16. Let y be w(13). Suppose l + 613 = 4*c + 117, l - 365 = -y*c. Calculate the remainder when c is divided by 63.
60
Let a be (-30)/(-80) + (-1110)/16. Let r = -31 - a. What is the remainder when r is divided by 14?
10
Let n(a) = 4*a**2 + 2*a - 5. Let y(b) = 3*b**2 + 3*b - 5. Let c(s) = 4*n(s) - 5*y(s). Let i be c(6). Calculate the remainder when 2 is divided by 2 + i*(3 - 2).
0
Suppose 2*n + 2*z + 9 = 5*z, -5*z = -5*n - 15. Suppose -372 = -n*f - 4*f. Suppose -28*k = -19*k - 216. Calculate the remainder when f is divided by k.
21
Let l be (-1)/(5/(-20)) - 2. Suppose -23 = -l*i + 29. What is the remainder when 102 is divided by i?
24
Let p(d) = -d**2 + 25*d - 80. Calculate the remainder when 36 is divided by p(19).
2
Suppose -1380*k = -1456*k + 532. Let m(j) = j**3 - j + 34. What is the remainder when m(0) is divided by k?
6
Let r(g) = -g**2 - 6*g + 3. Suppose -283 + 363 = 5*b + 5*z, 4*z = 8. Calculate the remainder when b is divided by r(-5).
6
Suppose 5*w = 5*j + 105, -j + 2*j = 4*w - 69. Suppose 0 = 2*r - 5*c + 31, -4*c = 2*r + 2 - w. Calculate the remainder when 3/(-12)*r*20 is divided by 4.
3
Let i = 141 + -52. Calculate the remainder when i is divided by 15.
14
Calculate the remainder when 37 is divided by 1/5 - 8479/(-305).
9
Suppose 3*q + 41 = 4*f, 2*f = -0*f - 8. Let i = -21 + 54. Let k = q + i. What is the remainder when 53 is divided by k?
11
Let s = 25 - 20. Suppose 0*b + s*b - 70 = 0. Calculate the remainder when 13/(2 + -3)*-3 is divided by b.
11
Let w(g) = g**2 + 6*g - 7. Suppose t + 5